{"id":4546,"date":"2021-01-14T13:14:10","date_gmt":"2021-01-14T16:14:10","guid":{"rendered":"http:\/\/wideprint.com.ar\/pavimentiweb\/?page_id=4546"},"modified":"2023-04-14T10:20:16","modified_gmt":"2023-04-14T13:20:16","slug":"datos-tecnicos","status":"publish","type":"page","link":"https:\/\/wideprint.com.ar\/pavimentiweb\/datos-tecnicos\/","title":{"rendered":"Datos t\u00e9cnicos"},"content":{"rendered":"<p>[vc_row full_width=&#8221;stretch_row_content_no_spaces&#8221; css=&#8221;.vc_custom_1619553006512{background-image: url(http:\/\/wideprint.com.ar\/pavimentiweb\/wp-content\/uploads\/2021\/04\/pavimenti-cover-leparc.jpg?id=4581) !important;background-position: center !important;background-repeat: no-repeat !important;background-size: cover !important;}&#8221;][vc_column][vc_empty_space height=&#8221;500px&#8221;][\/vc_column][\/vc_row][vc_row][vc_column][vc_empty_space height=&#8221;4em&#8221;][vc_column_text]<\/p>\n<h1 style=\"text-align: center;\">Especificaciones t\u00e9cnicas<\/h1>\n<p>[\/vc_column_text][vc_column_text]Los pisos Pavimenti encuentran su resistencia y durabilidad en la calidad de sus componentes, donde el material ligante es el cemento y sus principales componentes son la marmolina y el granito provenientes de\u2026.???[\/vc_column_text][vc_empty_space height=&#8221;2em&#8221;][\/vc_column][\/vc_row][vc_row content_placement=&#8221;middle&#8221;][vc_column width=&#8221;1\/2&#8243;][vc_single_image image=&#8221;4587&#8243; img_size=&#8221;full&#8221;][\/vc_column][vc_column width=&#8221;1\/2&#8243;][vc_column_text]<\/p>\n<h3>Colocaci\u00f3n m\u00e9todo tradicional<\/h3>\n<p>Se coloca sobre contrapiso nivelado, siendo innecesaria una carpeta.<\/p>\n<ul>\n<li><strong><em>Humedecer <\/em><\/strong>bien el contrapiso<\/li>\n<li>Humedecer bien las piezas, luego pintar la cara posterior con una <strong><em>lechada de cemento<\/em><\/strong> y una parte de <strong>TACURU<\/strong> o similar.<\/li>\n<li>Distribuir la mezcla de colocaci\u00f3n sobre el contrapiso y cortar perimetralmente con cuchara (<strong>mezcla recomendada<\/strong> 1 parte de cal hidratada [<strong>EL MILAGRO<\/strong>], \u00bd parte de cemento y 3 partes de arena limpia)<\/li>\n<li>Es muy importante colocar la cantidad de material justa y asentar las piezas golpe\u00e1ndolas una por una, con el cabo de una maza, para <strong><em>evitar que queden espacios vac\u00edos debajo<\/em><\/strong>. Los mismos pueden producir fisuras o futuros despegues de la pieza.<\/li>\n<li>Para el <strong><em>tomado de juntas<\/em><\/strong>, estas deben estar perfectamente limpias, secas y libres de polvo. Utilice un recipiente para <strong>poder verter<\/strong> prolijamente, evitando desparramar el material, de ser necesario <strong><em>enmascarar <\/em><\/strong>con cinta de papel azul. Antes de que se endurezca, retirar el excedente de pastina de la junta y su periferia. (Para hacer la pastina m\u00e1s el\u00e1stica se recomienda, adem\u00e1s de agua, una parte de <strong>TACURU<\/strong>)<\/li>\n<\/ul>\n<p>[\/vc_column_text][\/vc_column][\/vc_row][vc_row content_placement=&#8221;middle&#8221;][vc_column width=&#8221;1\/2&#8243;][vc_column_text]<\/p>\n<h3>Colocaci\u00f3n de decks<\/h3>\n<ul>\n<li>En el caso del <strong><em>DECK 100x015x003<\/em><\/strong> solo con el m\u00e9todo tradicional. <strong><em>N<\/em>O se puede colocar SUSPENDIDO.<\/strong><\/li>\n<li>En caso de <strong><em>DECK 180x015x004 y 150x015x004<\/em><\/strong> puede ser colocado con el m\u00e9todo tradicional o suspendido, con riesgo de <strong><em>presentar fisuras.<\/em><\/strong><\/li>\n<li>Los puntos de apoyo en el de 180 x 015 deben estar cada 45 cm (4 puntos por pieza) y con una superficie de apoyo de 10 cm m\u00ednimo. Y en el caso de 150 x 015 los puntos de apoyo cada 50 cm (4 apoyos).<\/li>\n<li>Los puntos de apoyo pueden ser alfaj\u00edas de material, muritos, estructuras de hierro. Pero es importante respetar las luces antes mencionadas y pegar los decks, para evitar el movimiento de las piezas y as\u00ed futuras fisuras.<\/li>\n<\/ul>\n<p>[\/vc_column_text][\/vc_column][vc_column width=&#8221;1\/2&#8243;][vc_single_image image=&#8221;4585&#8243; img_size=&#8221;full&#8221;][\/vc_column][\/vc_row][vc_row content_placement=&#8221;middle&#8221;][vc_column width=&#8221;1\/2&#8243;][vc_single_image image=&#8221;4826&#8243; img_size=&#8221;full&#8221;][\/vc_column][vc_column width=&#8221;1\/2&#8243;][vc_column_text]<\/p>\n<h3>Impermeabilizaci\u00f3n<\/h3>\n<p>Es recomendable, una vez colocado el material, <strong>dejar secar<\/strong> y que est\u00e9 <strong>libre de polvo<\/strong> para aplicarle un impermeabilizante, ya sea a base de solvente para exterior o base acr\u00edlica para interior.\u00a0 Nosotros comercializamos productos de la l\u00ednea <strong>SUTTER PROFESSIONAL <\/strong>que se adaptan perfectamente a nuestros pisos.[\/vc_column_text][\/vc_column][\/vc_row][vc_row content_placement=&#8221;middle&#8221;][vc_column width=&#8221;1\/2&#8243;][vc_column_text]<\/p>\n<h3>Recomendaciones generales<\/h3>\n<p>Al tratarse de un material que no hay que pulir, conviene hacer la colocaci\u00f3n en la \u00faltima etapa de obra, a fin de evitar golpes, raspaduras y malos tratos.<\/p>\n<p>AL DESCARGAR EL MATERIAL EN OBRA, SE DEBER\u00c1 HACERLO EN FORMA VERTICAL SOBRE LISTONES.<\/p>\n<p>A LA INTEMPRIE CUBRIR CON NYLON, YA QUE PREVIO A LA COLOCACI\u00d3N Y AL IMPERMEABILIZADO, PUEDE SER UN MATERIAL MUY ABSORVENTE.[\/vc_column_text][\/vc_column][vc_column width=&#8221;1\/2&#8243;][vc_single_image image=&#8221;4582&#8243; img_size=&#8221;full&#8221;][\/vc_column][\/vc_row][vc_row content_placement=&#8221;middle&#8221;][vc_column width=&#8221;1\/2&#8243;][vc_single_image image=&#8221;4825&#8243; img_size=&#8221;full&#8221;][\/vc_column][vc_column width=&#8221;1\/2&#8243;][vc_column_text]<\/p>\n<h3>Mantenimiento<\/h3>\n<p>Se recomienda realizar un mantenimiento anual mediante un proceso de pulido, encerado y sellado. Existen varias empresas que se dedican al mantenimiento de estos productos, con lo cual PAVIMENTI no brinda a\u00fan este servicio. Conocemos empresas que tienen experiencia con el mantenimiento de nuestros pisos y estamos disponibles para facilitar sus datos en caso que Ud. as\u00ed lo requiera.[\/vc_column_text][\/vc_column][\/vc_row]<\/p>\n","protected":false},"excerpt":{"rendered":"<p>[vc_row full_width=&#8221;stretch_row_content_no_spaces&#8221; css=&#8221;.vc_custom_1619553006512{background-image: url(http:\/\/wideprint.com.ar\/pavimentiweb\/wp-content\/uploads\/2021\/04\/pavimenti-cover-leparc.jpg?id=4581) !important;background-position: center !important;background-repeat: no-repeat !important;background-size: cover !important;}&#8221;][vc_column][vc_empty_space height=&#8221;500px&#8221;][\/vc_column][\/vc_row][vc_row][vc_column][vc_empty_space height=&#8221;4em&#8221;][vc_column_text] Especificaciones t\u00e9cnicas [\/vc_column_text][vc_column_text]Los pisos Pavimenti encuentran su resistencia y durabilidad en la calidad de sus componentes, donde el material ligante es el cemento y sus principales componentes son la marmolina y el granito provenientes de\u2026.???[\/vc_column_text][vc_empty_space height=&#8221;2em&#8221;][\/vc_column][\/vc_row][vc_row content_placement=&#8221;middle&#8221;][vc_column width=&#8221;1\/2&#8243;][vc_single_image image=&#8221;4587&#8243; img_size=&#8221;full&#8221;][\/vc_column][vc_column width=&#8221;1\/2&#8243;][vc_column_text] Colocaci\u00f3n&hellip;<\/p>\n","protected":false},"author":1,"featured_media":0,"parent":0,"menu_order":0,"comment_status":"closed","ping_status":"closed","template":"","meta":[],"_links":{"self":[{"href":"https:\/\/wideprint.com.ar\/pavimentiweb\/wp-json\/wp\/v2\/pages\/4546"}],"collection":[{"href":"https:\/\/wideprint.com.ar\/pavimentiweb\/wp-json\/wp\/v2\/pages"}],"about":[{"href":"https:\/\/wideprint.com.ar\/pavimentiweb\/wp-json\/wp\/v2\/types\/page"}],"author":[{"embeddable":true,"href":"https:\/\/wideprint.com.ar\/pavimentiweb\/wp-json\/wp\/v2\/users\/1"}],"replies":[{"embeddable":true,"href":"https:\/\/wideprint.com.ar\/pavimentiweb\/wp-json\/wp\/v2\/comments?post=4546"}],"version-history":[{"count":16,"href":"https:\/\/wideprint.com.ar\/pavimentiweb\/wp-json\/wp\/v2\/pages\/4546\/revisions"}],"predecessor-version":[{"id":4549,"href":"https:\/\/wideprint.com.ar\/pavimentiweb\/wp-json\/wp\/v2\/pages\/4546\/revisions\/4549"}],"wp:attachment":[{"href":"https:\/\/wideprint.com.ar\/pavimentiweb\/wp-json\/wp\/v2\/media?parent=4546"}],"curies":[{"name":"wp","href":"https:\/\/api.w.org\/{rel}","templated":true}]}}